2?
11
What is the remainder when 115 is divided by 22?
5
Calculate the remainder when 268 is divided by 265.
3
Calculate the remainder when 118 is divided by 22.
8
What is the remainder when 861 is divided by 16?
13
Calculate the remainder when 113 is divided by 50.
13
What is the remainder when 2236 is divided by 249?
244
What is the remainder when 294 is divided by 101?
92
What is the remainder when 455 is divided by 16?
7
What is the remainder when 88 is divided by 43?
2
What is the remainder when 94 is divided by 31?
1
What is the remainder when 405 is divided by 57?
6
Calculate the remainder when 225 is divided by 72.
9
Calculate the remainder when 31 is divided by 20.
11
Calculate the remainder when 12869 is divided by 110.
109
What is the remainder when 2172 is divided by 91?
79
Calculate the remainder when 104 is divided by 12.
8
What is the remainder when 25 is divided by 19?
6
Calculate the remainder when 52797 is divided by 440.
437
What is the remainder when 156 is divided by 33?
24
What is the remainder when 75 is divided by 25?
0
Calculate the remainder when 146 is divided by 34.
10
Calculate the remainder when 3426 is divided by 35.
31
What is the remainder when 849 is divided by 60?
9
What is the remainder when 75 is divided by 27?
21
Calculate the remainder when 420 is divided by 47.
44
What is the remainder when 332 is divided by 74?
36
Calculate the remainder when 321 is divided by 105.
6
Calculate the remainder when 769 is divided by 21.
13
What is the remainder when 3057 is divided by 55?
32
What is the remainder when 660 is divided by 219?
3
What is the remainder when 3100 is divided by 69?
64
Calculate the remainder when 138 is divided by 7.
5
What is the remainder when 212 is divided by 112?
100
Calculate the remainder when 98 is divided by 13.
7
What is the remainder when 7422 is divided by 45?
42
Calculate the remainder when 164 is divided by 39.
8
What is the remainder when 12300 is divided by 14?
8
What is the remainder when 472 is divided by 99?
76
Calculate the remainder when 445 is divided by 139.
28
What is the remainder when 2621 is divided by 26?
21
Calculate the remainder when 424 is divided by 372.
52
What is the remainder when 463 is divided by 31?
29
Calculate the remainder when 750 is divided by 95.
85
What is the remainder when 1065 is divided by 41?
40
Calculate the remainder when 180 is divided by 82.
16
Calculate the remainder when 1486 is divided by 460.
106
What is the remainder when 345 is divided by 95?
60
Calculate the remainder when 983 is divided by 99.
92
What is the remainder when 250 is divided by 22?
8
Calculate the remainder when 1538 is divided by 81.
80
What is the remainder when 331 is divided by 7?
2
What is the remainder when 35 is divided by 9?
8
What is the remainder when 455 is divided by 30?
5
What is the remainder when 224 is divided by 70?
14
Calculate the remainder when 3 is divided by 1.
0
Calculate the remainder when 93 is divided by 11.
5
What is the remainder when 917 is divided by 77?
70
Calculate the remainder when 1481 is divided by 124.
117
Calculate the remainder when 42 is divided by 20.
2
What is the remainder when 8712 is divided by 83?
80
What is the remainder when 125 is divided by 22?
15
Calculate the remainder when 3700 is divided by 57.
52
What is the remainder when 3454 is divided by 32?
30
Calculate the remainder when 586 is divided by 42.
40
Calculate the remainder when 4574 is divided by 15.
14
Calculate the remainder when 646 is divided by 20.
6
Calculate the remainder when 78 is divided by 30.
18
Calculate the remainder when 1311 is divided by 327.
3
What is the remainder when 134 is divided by 35?
29
What is the remainder when 970 is divided by 195?
190
What is the remainder when 17381 is divided by 14?
7
Calculate the remainder when 507 is divided by 187.
133
Calculate the remainder when 473 is divided by 28.
25
What is the remainder when 489 is divided by 35?
34
What is the remainder when 167 is divided by 21?
20
Calculate the remainder when 1922 is divided by 239.
10
What is the remainder when 12646 is divided by 12?
10
What is the remainder when 961 is divided by 37?
36
What is the remainder when 2660 is divided by 133?
0
Calculate the remainder when 119 is divided by 19.
5
What is the remainder when 498 is divided by 23?
15
What is the remainder when 634 is divided by 133?
102
What is the remainder when 1999 is divided by 80?
79
What is the remainder when 465 is divided by 157?
151
What is the remainder when 202 is divided by 110?
92
Calculate the remainder when 603 is divided by 32.
27
What is the remainder when 278 is divided by 31?
30
What is the remainder when 38 is divided by 2?
0
What is the remainder when 652 is divided by 141?
88
What is the remainder when 190 is divided by 62?
4
What is the remainder when 49 is divided by 25?
24
Calculate the remainder when 576 is divided by 57.
6
What is the remainder when 982 is divided by 244?
6
What is the remainder when 130 is divided by 78?
52
Calculate the remainder when 6297 is divided by 90.
87
Calculate the remainder when 233 is divided by 30.
23
What is the remainder when 170 is divided by 64?
42
Calculate the remainder when 87 is divided by 70.
17
Calculate the remainder when 326 is divided by 131.
64
Calculate the remainder when 1513 is divided by 499.
16
What is the remainder when 406 is divided by 68?
66
What is the remainder when 3218 is divided by 201?
2
Calculate the remainder when 369 is divided by 183.
3
What is the remainder when 430 is divided by 41?
20
What is the remainder when 680 is divided by 19?
15
Calculate the remainder when 447 is divided by 13.
5
What is the remainder when 177 is divided by 58?
3
What is the remainder when 1113 is divided by 31?
28
Calculate the remainder when 599 is divided by 60.
59
What is the remainder when 30631 is divided by 106?
103
What is the remainder when 449 is divided by 182?
85
Calculate the remainder when 249 is divided by 36.
33
Calculate the remainder when 539 is divided by 96.
59
What is the remainder when 130 is divided by 10?
0
What is the remainder when 2449 is divided by 137?
120
What is the remainder when 313 is divided by 49?
19
Calculate the remainder when 2876 is divided by 144.
140
Calculate the remainder when 102 is divided by 19.
7
Calculate the remainder when 124 is divided by 87.
37
Calculate the remainder when 3229 is divided by 5.
4
Calculate the remainder when 909 is divided by 81.
18
What is the remainder when 214 is divided by 36?
34
What is the remainder when 360 is divided by 61?
55
What is the remainder when 247 is divided by 34?
9
Calculate the remainder when 79 is divided by 28.
23
What is the remainder when 329 is divided by 10?
9
What is the remainder when 278 is divided by 17?
6
What is the remainder when 36 is divided by 30?
6
What is the remainder when 70 is divided by 25?
20
What is the remainder when 495 is divided by 16?
15
What is the remainder when 297 is divided by 94?
15
What is the remainder when 181 is divided by 23?
20
Calculate the remainder when 1204 is divided by 392.
28
What is the remainder when 1672 is divided by 1656?
16
What is the remainder when 3674 is divided by 131?
6
What is the remainder when 1153 is divided by 64?
1
Calculate the remainder when 46 is divided by 28.
18
Calculate the remainder when 805 is divided by 158.
15
Calculate the remainder when 495 is divided by 246.
3
Calculate the remainder when 1311 is divided by 82.
81
What is the remainder when 412 is divided by 73?
47
What is the remainder when 361 is divided by 46?
39
Calculate the remainder when 210 is divided by 61.
27
What is the remainder when 3235 is divided by 43?
10
Calculate the remainder when 211 is divided by 75.
61
Calculate the remainder when 2409 is divided by 172.
1
What is the remainder when 1563 is divided by 1559?
4
Calculate the remainder when 245 is divided by 62.
59
Calculate the remainder when 2519 is divided by 9.
8
What is the remainder when 361 is divided by 128?
105
Calculate the remainder when 163 is divided by 85.
78
What is the remainder when 2344 is divided by 7?
6
What is the remainder when 448 is divided by 441?
7
Calculate the remainder when 10399 is divided by 25.
24
What is the remainder 